ppose 2*v - x*v = -21. What is the remainder when 13 is divided by v?
6
Let c = 34 + -17. Let a = c - 7. Let n(t) = 10*t - 2. What is the remainder when n(4) is divided by a?
8
Suppose 0*a = 2*a + 20. Let t be (-34)/a - (-10)/(-25). Suppose 0 = -t*z + 3*p + 27, 3*z + 2*p - 27 = 3*p. What is the remainder when 16 is divided by z?
7
Let n = 18 + -1. Calculate the remainder when 32 is divided by n.
15
Let w(s) = s**3 + 10*s**2 + 11*s + 9. Let i = 10 + -19. Let n be w(i). What is the remainder when 3 is divided by (-4)/6 + (-24)/n?
1
What is the remainder when 98 is divided by (-1)/5 + 172/10?
13
Let l(s) = 3*s - 2. Suppose -11 - 19 = -3*r. Suppose 2*o + 4 - r = 0. What is the remainder when l(2) is divided by o?
1
Let w(j) = 5*j**2 - 17*j - 3*j**2 + 5 + 18*j. What is the remainder when w(-4) is divided by 18?
15
Suppose m - 9 = -2*m. Suppose 0 = -3*i - 4*j + 19, 4*i + 5*j + 15 = 41. What is the remainder when ((-1)/m)/(2/(-150)) is divided by i?
7
Let p(q) = q**2 + 7*q - 2. Let v be p(-7). Let n(m) = 11*m**2 + 2*m + 2. Let j be n(v). Let g = j - 30. Calculate the remainder when g is divided by 7.
5
Let g(n) = n**2 - 9*n - 25. What is the remainder when g(16) is divided by 7?
3
Let l = -11 - -16. Suppose 0 = l*x - p - 220, 30 = -4*p + 10. Calculate the remainder when x is divided by 2/3 - 43/(-3).
13
Let g = 12 + -14. Calculate the remainder when (-13)/(20/12 + g) is divided by 10.
9
Let y = 2 - -6. Suppose -6*z + 2*z = -y. Suppose 6*i = z*i + 56. What is the remainder when 27 is divided by i?
13
Let q(n) = -4*n**2 - 2*n + 2. Let z be q(-3). Calculate the remainder when (-2092)/z + (-4)/(-14) is divided by 19.
18
Let k(h) = -h**3 + 7*h**2 - 6*h + 1. Let i be k(6). Let o be (10 - i) + 1/1. Suppose -o - 15 = -5*w. Calculate the remainder when 13 is divided by w.
3
Let c(l) = 2*l**2 + 3*l + 14. Calculate the remainder when c(-8) is divided by 20.
18
Suppose -2*d = -5*v + 3*d + 275, 4*v + 2*d = 232. Calculate the remainder when v is divided by 10.
7
Let c = 104 - 35. Suppose 5*j + 82 = 2*x + 2*x, 4*j + 26 = x. Calculate the remainder when c is divided by x.
15
Let m = 15 + -13. Suppose -2*n - m*b + 94 = 0, -2*n = 3*n + b - 231. Calculate the remainder when n is divided by 16.
14
Suppose -4*c + 29 + 31 = 0. Let t be 2/3*78/4. Let f = t + c. Calculate the remainder when f is divided by 10.
8
Suppose 3*b = -4*a + 179, 2*b - 56 = 2*a + 40. Suppose 15 = -5*g + 4*u, 4*u + u = 0. Calculate the remainder when b is divided by 17 - g/(-4)*4.
11
Let i be 7 + 1 + -5 - 31. Let o = 27 - i. Calculate the remainder when o is divided by (38/4)/(1/2).
17
Let k = 151 - 40. What is the remainder when k is divided by 28?
27
Suppose 4*q - 2 = 58. Calculate the remainder when 27 is divided by q.
12
Let t = 117 - 78. What is the remainder when t is divided by 13?
0
What is the remainder when 35 is divided by 6/18*4*9?
11
Let a = -7 + 12. Suppose -3*w + a*j = -30, -j - 29 - 21 = -5*w. Calculate the remainder when 4*(-1)/((-8)/58) is divided by w.
9
Suppose -4 = 6*n - 70. Calculate the remainder when n is divided by 3.
2
Let c = 2 + 8. What is the remainder when 37 is divided by c?
7
Suppose -148 = -3*b + 32. Suppose 0 = -5*y + 4*a - 93, -6*a = y - 2*a + 33. Let p = b + y. Calculate the remainder when p is divided by 20.
19
Suppose -m - 100 = -4*v, -v = -3*m - 11 - 14. What is the remainder when 123 is divided by v?
23
Suppose -25 = -4*f - f. Let m = 8 + f. What is the remainder when m is divided by (20/6)/(4/6)?
3
Let b(a) = a**3 - 5*a**3 + 1 + 5*a**3 + 14*a**2 + 12*a. What is the remainder when b(-13) is divided by 5?
4
Suppose -y + 13 + 8 = 0. Calculate the remainder when y is divided by 6.
3
Suppose -t = p - 0*t - 16, 4*p + 3*t - 68 = 0. Calculate the remainder when 75 is divided by p.
15
What is the remainder when (-3)/15 + (-844)/(-20) is divided by 11?
9
Let h = -25 - -28. Let m(v) = v - 2. Let x be m(2). Suppose -2*n - n + 24 = x. Calculate the remainder when n is divided by h.
2
Suppose 0 = -3*y + 4 + 56. Let q be 566/10 + (-12)/y. Let s = -30 + q. What is the remainder when 77 is divided by s?
25
Let y = -63 + 29. Let f = -6 - y. What is the remainder when f is divided by 10?
8
Let f = 13 - 7. What is the remainder when f - -10 - 1*-1 is divided by 6?
5
Suppose 0*w - 24 = -4*f - w, 2*f = -5*w + 30. Suppose 0*a - f*a + 35 = 0. Calculate the remainder when 26 is divided by a.
5
Suppose 12 = 3*t - 5*t. What is the remainder when 12 is divided by 0 - t - (-1 + 0)?
5
Let n be 5 + (-4 - (2 + -5)). Let h = 6 + -2. Suppose h*r - 4 = 4*t, -2 = n*t - 6. Calculate the remainder when 3 is divided by r.
1
Let y be (2/2)/(-1) - -11. Suppose 2*q - 3*o - 12 = -0*q, y = -5*o. Let m = q + 2. Calculate the remainder when 17 is divided by m.
2
Let b(u) = 2*u**3 - 6*u**2 - 8. Calculate the remainder when 214 is divided by b(4).
22
Suppose 4*j + 76 = k + 3*k, 4*j + 4*k + 68 = 0. What is the remainder when 64 is divided by 2/(-9) - 400/j?
20
What is the remainder when 37 is divided by -2 - (-13 + 4 - 3)?
7
Suppose 11*f - 71 = 160. Suppose 4*c = 4*y + 12, 0*c - 5*c - 2*y + 22 = 0. Suppose -x + c*x = f. Calculate the remainder when x is divided by 3.
1
Let w be (8/10)/(1/5). Suppose 4*i = -3*g - 0*i + 39, -i + 30 = 3*g. Suppose 0 = q - w - g. Calculate the remainder when 25 is divided by q.
12
Suppose -3*m - 132 = -5*r, -5*m + 0 = -5. Calculate the remainder when 106 is divided by r.
25
Let m = 77 - 57. Let i = 7 - 3. Suppose -m = -3*g + 4*z, 2*g + 3*z + 13 = i*g. What is the remainder when 22 is divided by g?
6
Suppose -2*l + 4*l - 22 = 0. Let j = l + -7. What is the remainder when 15 is divided by j?
3
Let f = 5 + 5. Let z(q) = q + 2. Let n be z(-5). Let c(i) = -9*i + 1. What is the remainder when c(n) is divided by f?
8
Calculate the remainder when 42*(-2 - -3) - -4 is divided by 12.
10
Let a(s) be the second derivative of s**4/12 - s**3 - 3*s**2/2 - 4*s. What is the remainder when a(9) is divided by 9?
6
Suppose 3*l - 14 - 1 = 0, -2*l - 29 = 3*d. Let t = 21 + d. Calculate the remainder when 13 is divided by t.
5
Let d = 3 - 2. Calculate the remainder when d is divided by -3 + 1 - (6 + -9).
0
Suppose 0 = -7*b + 182 + 217. Calculate the remainder when b is divided by (-1)/(1/(-15)) - 0.
12
Suppose w = 6*w - 10. Calculate the remainder when 34 is divided by (3/4)/(w/24).
7
Let a be (-4)/16 + (-73)/(-4). Let g = 34 - a. Calculate the remainder when 2/(-2) - (-31 + 0) is divided by g.
14
Suppose -2*s = 284 - 794. Suppose 0 = -4*c + 9*c - s. What is the remainder when c is divided by 18?
15
Let q(v) = 2*v**3 + 4*v**2 + 2*v - 2. Let a be q(-3). Let t = a - -48. Calculate the remainder when 65 is divided by t.
21
Suppose -3 = s + 2. What is the remainder when (-63)/s - 6/(-15) is divided by 8?
5
Let l = 13 + -9. What is the remainder when 6 is divided by l?
2
Suppose -3*z + 2*u - 12 = z, z = -4*u - 21. Let l be (9/z)/(6/(-20)). Suppose l*j = j + 200. What is the remainder when j is divided by 21?
19
Suppose -z - 242 = -3*z. Suppose -2*y = 2*o - 21 - 37, o = 5*y - z. Suppose -7*j + 0*j = -63. Calculate the remainder when y is divided by j.
7
Let m(q) = -q**2 + 8*q - 3. Let h be (-62)/(-3)*(-3)/2. Let w = h + 56. What is the remainder when w is divided by m(6)?
7
Let i(l) = 3*l**2 + l. Let m be i(1). What is the remainder when 11 is divided by (m/5)/(4/30)?
5
Let u = -17 + 21. What is the remainder when 22 is divided by u?
2
Calculate the remainder when 28 is divided by (4 - 1) + 3/(-6)*-6.
4
Let c(o) = o - 2. Let j be c(-2). Let s(z) = z**2 - z + 2. Calculate the remainder when s(j) is divided by 13.
9
Let g be (2 - 5/1) + -17. Let x be (-9)/(-4) - (-5)/g. What is the remainder when 1 - -30 - 2 - x is divided by 10?
7
Let l(v) = 2*v - 5. Let y = -12 - -16. Calculate the remainder when 5 is divided by l(y).
2
Suppose -5*n + 111 = -104. Suppose 4*b = 13 + n. What is the remainder when 40 is divided by b?
12
Suppose 30 = 3*y - 4*s - 22, -3*y + s = -49. Calculate the remainder when 62 is divided by y.
14
Calculate the remainder when 69 - 4 - 0/(-2) is divided by 17.
14
Let t(k) be the third derivative of k**6/120 + 7*k**5/60 - k**4/24 + 7*k**3/6 + k**2. Let x = -48 - -42. What is the remainder when t(x) is divided by 17?
15
Let o = 13 + -8. Suppose 2*q = f - 6, 5*f - o*q - 58 = -2*q. Calculate t